 + 1004 = 2*y, -594 = -3*u - y. Calculate the remainder when u is divided by 52.
43
Let t = -3960 - -4024. Calculate the remainder when t is divided by 35.
29
Let p(s) = 2*s + 16. Suppose 5*c - 724 = -q, 3*c - 62*q - 428 = -61*q. What is the remainder when c is divided by p(7)?
24
Let d be -22 + -2*(-6)/3. Let s be (6/d)/(1/(-249)). Suppose -4*i + 4*a = -72, 0*i - 2*a = 5*i - s. What is the remainder when 149 is divided by i?
13
Suppose -40 = 33*r - 31*r. Calculate the remainder when 347 is divided by (r - -49) + (-2 + 0)*2.
22
Let n be (-11)/(-4) + 3/(-4). Let w = n - -15. Let j = 75 + -44. What is the remainder when j is divided by w?
14
Suppose -f + 48 = 4*h, -95 + 293 = 5*f - h. Suppose -4*k + k + 2*p + f = 0, -4*p = 8. Suppose -3*r = -2*r - 7. Calculate the remainder when k is divided by r.
5
What is the remainder when ((-62)/(-372))/(5/(-4) - -1)*-273 is divided by 128?
54
Let m(o) = -32 - 39*o + 24*o + 17*o + 8*o. What is the remainder when -3*2/(-18)*45 is divided by m(4)?
7
Suppose 5*r = -j + 302, -4*j + 64 = r - 2*j. Suppose -6*d + 7*d - 85 = -3*t, -2*t - 4*d = -50. Calculate the remainder when r is divided by t.
2
Suppose -4*f + 96 = -3*p, 27 = f - p + 2. Let o = -160 - -142. Let u = 65 - o. What is the remainder when u is divided by f?
20
Calculate the remainder when 6045 is divided by (6 - 2/(5 + (-441)/93))*-72.
123
Suppose 5*l + 0*l = 2*i + 40, 3*i = -l - 43. Let o = i - -22. What is the remainder when (-6)/3 + 72/(-162)*-54 is divided by o?
1
Suppose 5*w + 4 = -u + 8*w, 4*u = 4*w + 8. Suppose 0 = 2*l + u*g - 40, 2*l - 6*g = -10*g + 38. Calculate the remainder when 19 is divided by l.
4
Suppose -11*a = -15*a + 632. What is the remainder when a is divided by 2?
0
Suppose -u + 3*u - 3*v + 5 = 0, 0 = -2*u - 4*v + 16. Suppose -p + 46 = -5*c, u*p - 3*c = 2*c + 117. Calculate the remainder when p is divided by 24.
23
Let m = 39 - 31. Let a = -2 + m. What is the remainder when 2 is divided by (-2)/(a/3) - -3?
0
Let p = -74 + 124. Let a(l) be the first derivative of -6*l**2 - 599*l - 401. What is the remainder when p is divided by a(-51)?
11
Let w = -61 + 79. Suppose 10*o + 64 = w*o. Calculate the remainder when 254 is divided by o.
6
Let u be (-3 + 68/(-6))/(28/672). Let w = u + 414. What is the remainder when w is divided by 24?
22
Suppose 2100 = 33*a - 12*a - 1071. Let h(z) = z + 32. What is the remainder when a is divided by h(-11)?
4
Let k(b) = -2*b**3 - 12*b**2 + 4*b + 26. Let o be k(-6). Calculate the remainder when 183 is divided by 38/o*(6 + -5).
12
Suppose g = 2*o + 50, 5*g - 73*o - 187 = -72*o. Calculate the remainder when 660 is divided by g.
12
Let u = -12634 + 12755. Calculate the remainder when 396 is divided by u.
33
Let d(n) = 11 - 40 - 8*n - 4*n + 9*n. What is the remainder when 16 is divided by d(-11)?
0
Let g be 260/(-1)*(-28)/8. Suppose 10*t = -16*t + g. Let o = -19 - -87. What is the remainder when o is divided by t?
33
Let x(u) = u**2 + 2*u - 11. Let z be x(-3). Let f(o) = o**2 + 4*o - 15. What is the remainder when 168 is divided by f(z)?
15
Suppose 402 = -11*i - 401. What is the remainder when 247 is divided by i/(-2) - (8 + 105/(-14))?
31
Let p(m) be the second derivative of 0 + 19*m - 10/3*m**3 - 1/6*m**4 - 5/2*m**2. Calculate the remainder when p(-4) is divided by 16.
11
What is the remainder when 2/(-4)*(-41)/((-369)/(-3618)) is divided by 66?
3
Suppose -3*f + 3*g = -139 - 275, 0 = -3*f + 5*g + 402. Calculate the remainder when 1081 is divided by f.
73
Suppose -187*s = 6935 - 32180. What is the remainder when s is divided by 82/6 - 2/(-6)?
9
Suppose 2037*i = 990*i + 154956. Calculate the remainder when i is divided by -124*((-1)/(-2) - 1).
24
Suppose 0 = 22*s - 1058 - 163 + 297. What is the remainder when 438 is divided by s?
18
Let g = 2498 - 2449. What is the remainder when g is divided by 16?
1
Let v = -283 + 315. Suppose v*g = 25*g + 49. Calculate the remainder when 417 is divided by g.
4
Suppose i + f - 1240 = 0, 4*i - 25*f + 20*f - 4969 = 0. Calculate the remainder when i is divided by 5.
1
Suppose 3*p + 3*s = 17001, -3*s + 22668 = 103*p - 99*p. Calculate the remainder when p is divided by 15.
12
Let g = 3 - -8. Let z = 2095 + -1994. Calculate the remainder when z is divided by g.
2
Suppose 1058 = 7*f - 1126. Suppose 103*p = 102*p - f. What is the remainder when p/(-4) - -3 - (-1 + 1) is divided by 21?
18
Let n(k) = 9*k - k**3 + 14*k - 7*k + 19*k + 12 - 11*k**2. Let b be n(-14). Suppose b*u = 106*u + 68. What is the remainder when 117 is divided by u?
15
Let w be 8 - 2/(5/5). Suppose w*t = 128 + 22. Calculate the remainder when 223 is divided by t.
23
Suppose -3*f - 3 = -6, 2*f + 74 = 2*s. What is the remainder when s is divided by (-3)/(-2)*(-8)/(10 - 12)?
2
Suppose k = -5*a + 70, -a - 2*a = 2*k - 35. Let f(b) = -b**2 + 19*b + 8. Suppose 0 = -2*d + 9 + 37. Calculate the remainder when f(a) is divided by d.
22
Suppose -134*o + 918 = -2920 - 584. Suppose 5*m - 5*x = -2*x + 2485, -2*x - 10 = 0. What is the remainder when m is divided by o?
32
Let g(u) = u**3 + 5*u**2 - 12*u + 10. Let h be g(-6). Let l = 51 - h. What is the remainder when l is divided by 5?
0
What is the remainder when 3*3*(368/6 + 51 + -52) is divided by 25?
18
Let n = -12 - -150. Calculate the remainder when 27 is divided by n/184 - (-42)/8.
3
Let a be (-16)/8*((-1 - 0) + -307). Let g = a + -569. What is the remainder when 1078 is divided by g?
44
Let f = 59 - -33. Let t = -4504 + 4541. What is the remainder when f is divided by t?
18
Calculate the remainder when 148 is divided by (-392)/(-26) - ((-72)/9)/(-104).
13
Let g(d) = 4804*d - 9390. What is the remainder when g(7) is divided by 202?
200
Let f(k) = 3*k**3 + 37*k**2 + 46*k + 32. What is the remainder when 7529 is divided by f(-11)?
9
Suppose 12*h + 51 = 291. Suppose -h = -23*d + 18*d. Suppose -1 - 7 = -2*x. What is the remainder when x is divided by d?
0
Suppose -5 + 62 = 3*a. Suppose -4*r - 3*u = 523, -2*u = -4*r - u - 535. Let w = -79 - r. Calculate the remainder when w is divided by a.
16
Suppose 0 = 36*h - 51*h + 36*h - 35175. What is the remainder when h is divided by 28?
23
Suppose 34 = 5*b - 4*r, -4*r + 28 = 5*b - 38. What is the remainder when 148 is divided by b/((2/(-8))/((-77)/44))?
8
Let b(q) = q**3 - 5*q**2 - 90*q - 104. What is the remainder when 9669 is divided by b(13)?
75
Suppose -14822*i = -14851*i + 5539. What is the remainder when i is divided by 106?
85
Let v = -13 - -26. Suppose 0 = -2*b + 4*i - 132, -2*i + 273 = -4*b + 3*i. Let o = 95 + b. Calculate the remainder when o is divided by v.
10
Suppose 5*x - 61 - 34 = 0. Let d(b) = -9*b - 6980 + 3483 + 3519 + b**2. What is the remainder when d(10) is divided by x?
13
Let d = 2011 + 696. Calculate the remainder when d is divided by 129.
127
Let k(h) be the first derivative of -12*h**2 + 186*h + 18. Calculate the remainder when k(7) is divided by 12.
6
Let w = -239 - -242. Calculate the remainder when (96/(-80))/(w/(-130)) is divided by 11.
8
Calculate the remainder when (3756/60 + -17)*(-10)/(-4) is divided by 15.
9
Suppose -19552*t = -19537*t - 7320. Calculate the remainder when t is divided by 13.
7
Suppose 3*a - a = g + 766, 0 = -3*g - 12. What is the remainder when a is divided by 93?
9
Suppose -39*x - 9180 = 45*x - 90*x. What is the remainder when x is divided by 13?
9
Suppose 16*j - 109 + 93 = 0. Let y(k) = -k - 5. Let f be y(9). What is the remainder when 100/(-35)*f/4 is divided by j?
0
Suppose -180 = -16*y + 10*y. Let d(w) = -2*w**2 - 6 + 34*w - 5*w**2 + 5*w**2 + y. What is the remainder when d(17) is divided by 3?
0
Let l = 8 + 31. Let k(f) = 17*f - 97. Let v be k(6). Suppose -4*p - 5*z = -28, -v*p = -2*p + 2*z - 28. What is the remainder when l is divided by p?
3
Suppose 2*v = 3*g - g + 14, 2*v - 5*g = 23. Let y = 11 - v. Suppose 29*o - 93 - 226 = 0. Calculate the remainder when o is divided by y.
4
Suppose -4*z - 1484 = -4*k, 0*z - 5*z = 3*k + 1831. Let o = -325 - z. What is the remainder when o is divided by 2?
1
Suppose 238*h - 51*h - 9350 = 0. What is the remainder when 280 is divided by h?
30
Let t = -76 - -79. Let d be t*(-8)/6 - 0/(-2). What is the remainder when 59 is divided by ((-30)/(-4))/(d*(-1)/8)?
14
Let g(h) = h**2 + 3*h - 8. Suppose 5*v - v = 5*q - 40, 0 = v + 2*q - 3. What is the 